2*c - 3. Give k(-3).
-9
Let l(y) = -y**3 + 12*y**2 + 8*y - 19. Determine l(13).
-84
Let v(z) = 2*z**2 + 14*z + 12. Calculate v(-9).
48
Let r(o) = -o**3 - 7*o**2 - 8*o - 7. Calculate r(-6).
5
Let u(m) = m - 10. What is u(10)?
0
Let f(d) = 3*d**3 - 3*d**2 - 5*d + 2. Determine f(-2).
-24
Let o(t) = -4*t**2 - 11*t + 14. What is o(-5)?
-31
Let q(h) = 5*h - 28. Determine q(7).
7
Let t(h) = -h**2 - 4*h + 23. What is t(-14)?
-117
Let l(z) = -z**3 + 7*z - 6. What is l(4)?
-42
Let y(r) = r**3 - 6*r**2 + 8*r + 7. What is y(3)?
4
Let n(g) = 5*g**2 - 2*g + 4. Give n(2).
20
Let s(o) = -o**3 - 7*o**2 + 8*o - 1. Calculate s(-9).
89
Let i(u) = -u**3 - 4*u**2 + 3*u + 8. Give i(-5).
18
Let o(k) = k**3 - 4*k**2 - 10*k + 4. Give o(5).
-21
Let b(w) = w**3 + 6*w**2 - 8*w - 11. Give b(-5).
54
Let s(h) = -7*h**3 - 3*h**2 - 4*h - 2. Give s(-2).
50
Let h(b) = b**2 + 13*b + 36. What is h(-5)?
-4
Let m(t) = -t**3 + 21*t**2 + 24*t + 42. Give m(22).
86
Let y(w) = w**3 + 5*w**2 - 18*w - 9. Give y(-8).
-57
Let u(s) = -5*s**2 - 3. Give u(2).
-23
Let q(i) = i**2 - 6*i + 2. Calculate q(4).
-6
Let q(r) = r + 2. What is q(-2)?
0
Let a(x) = -x**2 - 12*x - 10. Determine a(-12).
-10
Let n(q) = q**3 + 3*q**2 + 1. Determine n(-3).
1
Let k(h) = -5*h - 11. What is k(-7)?
24
Let o(d) = -48*d + 285. What is o(6)?
-3
Let d(r) = -r**2 + 9*r - 13. Calculate d(9).
-13
Let p(n) = n**2 + 4*n - 24. Give p(-7).
-3
Let t(s) = s**3 + 6*s**2 - 2*s + 1. Give t(-6).
13
Let x(q) = -q**2 + 7*q + 23. Give x(9).
5
Let m(c) = 3*c - 55. Calculate m(22).
11
Let o(w) = 6*w + 7. Calculate o(-5).
-23
Let f(t) = t**3 - 3*t + 3. Give f(0).
3
Let z(w) = -w**3 - 10*w**2 - 3*w - 14. What is z(-10)?
16
Let u(r) = -r**2 - 17*r - 19. Give u(-5).
41
Let l(v) = -v**3 - 29*v**2 - 4*v - 114. Determine l(-29).
2
Let q(z) = 6*z**3 - 2*z**2 + z. What is q(1)?
5
Let q(h) = 11*h + 12. Determine q(-2).
-10
Let n(c) = 16*c + 139. Determine n(-8).
11
Let g(i) = -i**3 - 13*i**2 - 15*i - 30. Calculate g(-12).
6
Let j(y) = 13*y - 224. Give j(17).
-3
Let s(p) = -p**2 - 5*p + 18. Determine s(-8).
-6
Let m(f) = -123*f - 861. What is m(-7)?
0
Let c(u) = 2*u + 43. Determine c(-19).
5
Let h(p) = 10*p - 8. What is h(-1)?
-18
Let b(y) = -y**2 - 10*y - 1. Give b(-9).
8
Let o(a) = a**3 + 11*a**2 + 13*a - 9. Calculate o(-10).
-39
Let m(t) = -t**3 + t**2 + 9*t - 10. Determine m(2).
4
Let g(j) = j - 6. Determine g(4).
-2
Let n(r) = -23*r**3 - r**2 - 2*r - 1. Calculate n(-1).
23
Let i(o) = o**3 + 14*o**2 + 14*o - 17. Calculate i(-13).
-30
Let j(w) = -w**3 + 3*w**2 + 3*w + 8. Give j(4).
4
Let j(i) = i**2 + i + 1. Calculate j(-3).
7
Let m(h) = -h - 19. Determine m(-7).
-12
Let v(y) = -4*y**3 + y. Calculate v(-2).
30
Let w(d) = d**3 + d**2 - 6*d + 6. Calculate w(3).
24
Let z(q) = -6*q - 142. Calculate z(-23).
-4
Let d(u) = -u**2 + 6*u + 38. Give d(-12).
-178
Let h(m) = 9*m - 10. Give h(-3).
-37
Let q(c) = -2*c**3 + 2*c - 1. Give q(1).
-1
Let t(y) = y**3 + 9*y**2 - 11*y - 6. What is t(-10)?
4
Let c(n) = -2*n**2 - 46*n - 38. Determine c(-22).
6
Let r(z) = 2*z**2 - 6*z + 4. Determine r(5).
24
Let i(d) = -21*d - 178. Calculate i(-8).
-10
Let x(w) = -w**3 - 6*w**2 + 7*w - 6. What is x(-7)?
-6
Let r(w) = w**3 - 6*w**2 - 9*w - 9. Give r(7).
-23
Let i(r) = r**2 + 7*r + 12. Calculate i(-8).
20
Let n(x) = -3*x**2 - 4*x - 2. Determine n(-2).
-6
Let r(o) = 2*o**3 + 12*o**2 - 3*o + 3. Calculate r(-6).
21
Let j(g) = -g**2 + 10*g + 13. Calculate j(10).
13
Let h(a) = -a**3 - 8*a**2 + 7*a - 5. Calculate h(-9).
13
Let z(u) = 3*u + 6. Determine z(-5).
-9
Let p(h) = -h**2 - 17*h + 16. Determine p(-18).
-2
Let d(p) = -15*p - 93. Determine d(-6).
-3
Let n(l) = 2*l + 14. Calculate n(-3).
8
Let x(w) = -6*w - 27. What is x(-5)?
3
Let r(t) = 6*t**3 - 4*t**2 + 2*t. Give r(2).
36
Let k(f) = 7*f + 4. Give k(-1).
-3
Let n(p) = p**3 - 20*p**2 - 22*p - 5. Calculate n(21).
-26
Let i(p) = 6*p - 3. Calculate i(1).
3
Let p(t) = -37*t**2 - 2*t + 1. Give p(1).
-38
Let b(h) = 12*h + 64. Give b(-5).
4
Let z(s) = -s**2 + 8*s + 155. Determine z(17).
2
Let l(c) = -c**3 - 7*c**2 - 7*c - 10. Calculate l(-6).
-4
Let r(g) = -2*g + 29. Determine r(10).
9
Let k(f) = f - 14. Give k(8).
-6
Let q(c) = -2*c**3 + 24*c**2 - 1. Give q(12).
-1
Let r(d) = d**3 + 8*d**2 - d - 7. Determine r(-8).
1
Let o(m) = 52*m + 89. What is o(-2)?
-15
Let y(c) = 31*c - 221. What is y(7)?
-4
Let w(f) = -f**3 + 20*f**2 + f - 13. Calculate w(20).
7
Let m(j) = -7*j + 18. Determine m(-2).
32
Let o(b) = -b + 54. Determine o(14).
40
Let l(c) = -c**3 - 2*c**2 - 3*c - 3. Give l(-3).
15
Let x(d) = -d + 19. What is x(12)?
7
Let d(n) = 11*n - 86. Determine d(6).
-20
Let k(d) = d**3 - 11*d**2 + 7*d + 37. What is k(10)?
7
Let l(v) = -v**3 - 7*v**2 + 5*v + 36. Determine l(-7).
1
Let b(y) = -2*y**3 + 48*y**2 - 4*y + 92. Determine b(24).
-4
Let o(p) = p**3 - 7*p**2 + 7*p - 12. What is o(5)?
-27
Let s(u) = 26*u - 5. What is s(-7)?
-187
Let y(z) = -z - 39. Calculate y(-17).
-22
Let y(v) = -94*v + 380. What is y(4)?
4
Let m(v) = -11*v - 381. Calculate m(-34).
-7
Let i(j) = -2*j**3 + 38*j**2 - 35*j - 17. Calculate i(18).
1
Let w(p) = -p**3 + 7*p**2 + 10*p - 2. Give w(8).
14
Let c(a) = 74*a - 2. What is c(-1)?
-76
Let q(v) = -10*v**2 + 3*v - 1. Determine q(2).
-35
Let x(g) = g**2 - 9*g + 1. What is x(7)?
-13
Let c(q) = -29*q + 140. Give c(5).
-5
Let d(t) = t + 18. What is d(-12)?
6
Let p(c) = 16*c + 453. Determine p(-29).
-11
Let p(m) = 2*m**2 - m + 6. Determine p(3).
21
Let c(f) = f - 9. Calculate c(-9).
-18
Let y(g) = 5*g - 21. Calculate y(12).
39
Let a(v) = -5*v + 7. Give a(5).
-18
Let k(w) = -w**2 + 56*w - 313. Give k(6).
-13
Let o(t) = -2*t + 2. What is o(0)?
2
Let v(f) = 4*f + 21. Calculate v(-4).
5
Let b(v) = -7*v - 24. Give b(-11).
53
Let y(m) = -m**3 + 4*m**2 - 3*m. Determine y(2).
2
Let b(w) = 6*w + 129. Calculate b(-28).
-39
Let y(i) = -5*i**2 + i. Determine y(1).
-4
Let r(a) = 6*a + 4. What is r(3)?
22
Let c(d) = -d**3 - 18*d**2 - 35*d - 50. What is c(-16)?
-2
Let w(h) = -h**2 - 2*h - 46. Determine w(0).
-46
Let p(n) = -n**2 - 6*n + 15. Determine p(6).
-57
Let r(z) = -z**3 - 19*z**2 + 21*z + 5. Give r(-20).
-15
Let b(r) = r**3 + 33*r**2 - 37*r - 96. Determine b(-34).
6
Let m(t) = 2*t**3 + 3*t**2 - 3*t - 2. Determine m(-3).
-20
Let f(h) = -2*h**3 - h**2 + 3*h - 1. Give f(3).
-55
Let s(x) = -x**3 - 18*x**2 - 20*x - 19. Give s(-17).
32
Let c(n) = 22*n + 236. Calculate c(-11).
-6
Let i(f) = 8*f**2 + 8*f + 13. What is i(-3)?
61
Let c(n) = 9*n + 11. Calculate c(-7).
-52
Let h(k) = 6*k**2 - 9*k - 46. Give h(-4).
86
Let z(j) = 10*j + 128. Give z(-11).
18
Let n(k) = 17*k - 103. Determine n(5).
-18
Let u(t) = t**2 - 53*t - 233. Calculate u(57).
-5
Let r(j) = 26*j - 28. Give r(3).
50
Let q(w) = -w**2 + 10*w. Calculate q(7).
21
Let z(p) = -10*p + 168. Determine z(17).
-2
Let p(o) = o**2 - 9*o + 15. What is p(10)?
25
Let m(q) = -q**3 - 20*q**2 - 98*q + 9. Calculate m(-9).
0
Let v(x) = x - 8. Give v(-7).
-15
Let y(x) = x**2 + 5*x - 9. Give y(-7).
5
Let a(y) = -2*y**2 - 3*y + 1. Calculate a(2).
-13
Let l(v) = -3*v**2 + 27*v. Calculate l(9).
0
Let f(w) = w**3 + 10*w**2 + 17*w + 7. Give f(-8).
-1
Let q(r) = -r**2 - r - 12. Calculate q(0).
-12
Let i(p) = p**3 + 13*p**2 + 11*p - 5. Calculate i(-12).
7
Let q(i) = 2*i**3 + 24*i**2 + 23*i + 16. Calculate q(-11).
5
Let y(c) = 2*c - 16. Calculate y(-4).
-24
Let g(q) = q**3 + 6*q**2 + 19*q + 40. Calculate g(-4).
-4
Let s(b) = -94*b + 280. Determine s(3).
-2
Let u(w) = w**3 + 21*w**2 + w + 14. Give u(-21).
-7
Let h(g) = -3*g - 68. What is h(-22)?
-2
Let d(i) = -28*i - 196. Determine d(-7).
0
Let f(u) = -u**2 + 6*u + 19. What is f(8)?
3
Let z(l) = 3*l**2 - 5*l - 5. What is z(-4)?
63
Let n(h) = h**3 - 8*h**2 + 4*h + 4. Give n(7).
-17
Let l(j) = j**3 - 6*j**2 - 9*j - 1. Calculate l(7).
-15
Let d(n) = n**3 + 4*n**2 + n - 6. Determine d(-3).
0
Let o(q) = 2*q**2 - 4*q + 3. Determine o(4).
19
Let t(i) = -34*i. Give t(1).
-34
Let g(y) = y**2 + 4*y - 2. Determine g(-3).
-5
Let l(u) = -u**3 - 7*u**2 + 12*u + 18. What is l(-8)?
-14
Let d(b) = b**3 + 5*b**2 - b + 4. Calculate d(-3).
25
Let r(d) = -2*d - 1. Determine r(-8).
15
Let l(k) = 12*k**3 - k**2 - k + 1. Give l(1).
11
Let d(r) = 7*r + 66. Calculate d(-9).
3
Let w(k) = k + 31. What is w(0)?
31
Let a(d) = -d**3 + 12*d**2 - 10*d - 11. Give a(11).
0
Let a(i) = -i